{"id":97,"date":"2022-06-10T12:54:25","date_gmt":"2022-06-10T10:54:25","guid":{"rendered":"https:\/\/ads.co.pl\/?page_id=97"},"modified":"2022-06-10T12:54:25","modified_gmt":"2022-06-10T10:54:25","slug":"nastawienie-na-wynik","status":"publish","type":"page","link":"https:\/\/ads.co.pl\/?page_id=97","title":{"rendered":"Nastawienie na wynik"},"content":{"rendered":"\n<p>Prowadz\u0105c kampani\u0119 dok\u0142adnie odkre\u015blamy cel kampanii i konsekwentnie d\u0105\u017cymy do jego realizacji.<\/p>\n","protected":false},"excerpt":{"rendered":"<p>Prowadz\u0105c kampani\u0119 dok\u0142adnie odkre\u015blamy cel kampanii i konsekwentnie d\u0105\u017cymy do jego realizacji.<\/p>\n","protected":false},"author":1,"featured_media":0,"parent":0,"menu_order":0,"comment_status":"closed","ping_status":"closed","template":"","meta":{"footnotes":""},"class_list":["post-97","page","type-page","status-publish","hentry"],"_links":{"self":[{"href":"https:\/\/ads.co.pl\/index.php?rest_route=\/wp\/v2\/pages\/97","targetHints":{"allow":["GET"]}}],"collection":[{"href":"https:\/\/ads.co.pl\/index.php?rest_route=\/wp\/v2\/pages"}],"about":[{"href":"https:\/\/ads.co.pl\/index.php?rest_route=\/wp\/v2\/types\/page"}],"author":[{"embeddable":true,"href":"https:\/\/ads.co.pl\/index.php?rest_route=\/wp\/v2\/users\/1"}],"replies":[{"embeddable":true,"href":"https:\/\/ads.co.pl\/index.php?rest_route=%2Fwp%2Fv2%2Fcomments&post=97"}],"version-history":[{"count":1,"href":"https:\/\/ads.co.pl\/index.php?rest_route=\/wp\/v2\/pages\/97\/revisions"}],"predecessor-version":[{"id":98,"href":"https:\/\/ads.co.pl\/index.php?rest_route=\/wp\/v2\/pages\/97\/revisions\/98"}],"wp:attachment":[{"href":"https:\/\/ads.co.pl\/index.php?rest_route=%2Fwp%2Fv2%2Fmedia&parent=97"}],"curies":[{"name":"wp","href":"https:\/\/api.w.org\/{rel}","templated":true}]}}